 + w, -5*z + 5*w = -25. Suppose 4*i = -3*y + 3 + 8, 5*i - z*y = 40. Calculate the remainder when 14 is divided by i.
4
Let a be (1 - (2 - 0)) + -7. What is the remainder when 38 is divided by -26*2*2/a?
12
Suppose -2*m = m. Suppose -3*y = 4*r - 16, 4*r - 23 = -y - 7. Suppose -s = 5*a - 75, m = a + r*s + 4 - 19. Calculate the remainder when 29 is divided by a.
14
Suppose 55 = -0*q + q. Suppose s + 6 = q. What is the remainder when s is divided by 17?
15
Suppose 0*q + 12 = q. Let a(m) = m + 18. Calculate the remainder when a(16) is divided by q.
10
Suppose 17 = j - 32. What is the remainder when j is divided by 25?
24
Let h = 1 + 1. Suppose -9 = -h*o + 1. Calculate the remainder when o is divided by (-4 + 1)/((-3)/2).
1
Let y = -25 + 40. What is the remainder when y is divided by 44/6 + (-4)/(-6)?
7
Let r(k) = 4*k**3 - 6*k**2 + 8*k + 12. Let d(x) = -5*x**3 + 5*x**2 - 9*x - 12. Let f(i) = -5*d(i) - 6*r(i). What is the remainder when f(-11) is divided by 8?
5
Let q(k) = k**2 + 3*k - 2. What is the remainder when 16 is divided by q(2)?
0
Suppose 57 = w + 5*f, 0 = 5*w + 2*f - 5*f - 369. Calculate the remainder when w is divided by 25.
22
Let h = -61 + 75. Calculate the remainder when 38 is divided by h.
10
Let d be (10/(-6))/((-6)/72). Suppose d = 5*x - 4*b, -20 = -5*x - b - b. Suppose -x*l = -l - 36. Calculate the remainder when 35 is divided by l.
11
Let y(o) = -o**3 + 7*o**2 - 4*o - 4. Suppose 4*b + 18 = 90. Let g = b - 4. What is the remainder when g is divided by y(6)?
6
Let u(k) = -2*k - 35. Let n be u(0). Calculate the remainder when 19 is divided by 2/14 + (-380)/n.
8
What is the remainder when 30 is divided by (7/(-14))/(2/(-28))?
2
Let r = 2 - -2. Let q be (-8)/((-1)/(2/r)). Let y = q - -2. What is the remainder when 16 is divided by y?
4
Let j = -14 - -18. Calculate the remainder when 9 is divided by j.
1
Let m = 10 - 14. Let f(v) = -3*v - 7. Calculate the remainder when 19 is divided by f(m).
4
Suppose 256 = -8*d + 10*d. Calculate the remainder when d is divided by 13.
11
Let g = -7 - -4. Calculate the remainder when 89/3 + 2/g is divided by 15.
14
Suppose 7*n - 60 = 2*n. What is the remainder when 46 is divided by n?
10
Let x = 6 - 4. Let g(n) = 3*n**2 - n. Suppose -d + 18 = 3*t, 0 = -4*d + t + 14 + 58. What is the remainder when d is divided by g(x)?
8
Suppose 6*s = s + 170. What is the remainder when s is divided by 21?
13
Let t = -65 - -114. Calculate the remainder when 191 is divided by t.
44
What is the remainder when 62 is divided by (9 + -3)/(2/7)?
20
Suppose -3 + 2 = t - 2*w, -4*t = 5*w + 4. Let u = t - -4. Calculate the remainder when u is divided by 2.
1
Let l = 8 - -14. Let b be ((-2)/(-2))/((-3)/(-6)). Suppose -d - 4*c = -4*d + 48, 2*d = b*c + 30. Calculate the remainder when l is divided by d.
10
Let u = -122 + 271. Let w = -92 + u. Let z(b) = b**2 - 12*b - 13. What is the remainder when w is divided by z(14)?
12
Suppose 0*d + 20 = 2*d. Calculate the remainder when 39 is divided by d.
9
Let k(r) = r**2 + 8*r - 11. Let h be k(-9). Let m be 10/(-5)*1/h. Suppose m = -5*o + 3*y - 4, 23 = -o + 5*y. What is the remainder when 4 is divided by o?
0
Let r = 22 + -13. Let i be ((-10)/(-15))/(1/r). Let u(l) = l**2 - 4*l + 1. What is the remainder when u(i) is divided by 7?
6
Let x(i) = -i + 4. Suppose 4*q = -0*q - 72. Let v = q + 38. Calculate the remainder when v is divided by x(-3).
6
What is the remainder when (308/16)/(1/4) is divided by 16?
13
Let b(n) = -n**3 + 14*n**2 - 14*n + 15. Suppose -7 + 19 = 2*x. What is the remainder when x is divided by b(13)?
0
Suppose -2*s = -2*t + 26, 4*t - 77 = -0*t - s. What is the remainder when 51 is divided by t?
15
Let d = 2 + -17. Let g = d - -25. Calculate the remainder when g is divided by 6.
4
Suppose 0 = -0*m + 4*m - 24. Let g(r) = -r**3 + 5*r**2 - 4*r. Let w be g(4). Suppose -o + 6 + 11 = w. What is the remainder when o is divided by m?
5
Suppose 0 = -4*x, -3*y - 4*x + 4 + 26 = 0. What is the remainder when y is divided by 4?
2
Let j be (-1)/((-2)/((-6)/(-3))). What is the remainder when 37 is divided by 3 - -15 - (-1)/j?
18
Suppose 0 = -3*z + 5*z - 6. Suppose -z*d + 4 = 4*b - 0, -21 = -2*d + b. What is the remainder when 22 is divided by d?
6
Suppose o - 28 = -6*o. Suppose 0*n + n = 3. Suppose -3*x = -n - 3. What is the remainder when o is divided by x?
0
Let p(v) = -3*v**3 + v. Let y be p(-1). Suppose 0 = -y*j - 7 - 3. Let r(s) = -5*s - 3. Calculate the remainder when r(j) is divided by 12.
10
Let f = 2449 + -1264. Calculate the remainder when f/18 + (-5)/(-30) is divided by 17.
15
Suppose -2*b + 40 = 4*x, -2*b = -3*x + x + 14. Calculate the remainder when 26 is divided by x.
8
Let f(z) = 28*z - 1. What is the remainder when f(3) is divided by (-1)/(-3)*(72 + -9)?
20
Let p = -17 + -34. Let d = p + 97. Calculate the remainder when d is divided by 16.
14
Suppose -6*b + 3*b - 5*s + 377 = 0, 0 = -b + s + 115. Calculate the remainder when b is divided by 15.
14
Let s(d) = 2*d + 3. Suppose -3*o - 5*b + 43 = -2*o, o = -3*b + 43. Calculate the remainder when o is divided by s(6).
13
Suppose 0 = -2*r + 3*r - 3. Suppose 4*s - 39 + r = 0. Calculate the remainder when ((-2)/(-2))/(21/546) is divided by s.
8
Let o = 133 + -92. Let a = -28 + o. What is the remainder when (-1 + 2)*(-3 - -28) is divided by a?
12
Suppose v - 32 + 13 = 0. Calculate the remainder when v is divided by 33/7 + 4/14.
4
Suppose 2*r - 196 = -4*a, 2*a - 1 = 3. Suppose k - 2*y - r = -2*k, -129 = -4*k - y. Let c = -9 + k. What is the remainder when 67 is divided by c?
21
Let g(y) = -y**2 + 2*y + 14. Calculate the remainder when 39 is divided by g(0).
11
Let m be (1 - 3)/((-17)/68). Suppose -10*l + 84 = -m*l. Calculate the remainder when l is divided by 22.
20
Let i = 130 - 114. What is the remainder when -94*1*(-2)/4 is divided by i?
15
Suppose -3*w + 60 = 3*w. Calculate the remainder when 17 is divided by w.
7
Suppose -2*c - 2*x + 6 = -6*c, -c - 4*x = 24. Calculate the remainder when c/(-1) - 7/7 is divided by (-2)/(-8) + (-14)/(-8).
1
Suppose 0 = -2*d + 12 - 6. Let m(w) = 2*w**3 - w**2 - 3*w + 2. What is the remainder when m(2) is divided by d?
2
Let o(s) = 3*s**2 + s. Calculate the remainder when o(6) is divided by 29.
27
Let g(z) = 2*z**2 + 6*z + 2. Calculate the remainder when g(6) is divided by 57.
53
Let x = 152 - 147. Calculate the remainder when 39 is divided by x.
4
Let n(i) = i**3 - 2*i**2 + 2*i - 1. Let w be n(3). Let x = -9 + w. What is the remainder when 14 is divided by x?
4
Let s(u) = u**2 + 6*u + 8. Let t(k) = -2*k**2 - 13*k - 15. Let f(d) = 7*s(d) + 4*t(d). What is the remainder when 13 is divided by f(-9)?
3
Suppose 0 = -i + 4*i - 33. Suppose -5*m + 6*k + 1852 = 2*k, -2*m + 754 = 5*k. What is the remainder when ((-2)/(-3))/(8/m) is divided by i?
9
Suppose -s + 0*s - 4*o = -67, -3*o = -15. Suppose -5*d - s = -4*g, 0 = -3*g - 5*d + 7 + 2. What is the remainder when g is divided by ((-2)/3)/((-8)/36)?
2
Let l(z) = -z**2 + 11*z - 2. Suppose 0 = -0*s + 5*s + 15. Let g = s - -13. Calculate the remainder when 15 is divided by l(g).
7
Suppose -237 = -5*t + 168. What is the remainder when t is divided by 14?
11
Suppose -r + 0*r = 5, -20 = 4*s + 4*r. Suppose 2 = p - s. Suppose 0 = -4*l + p + 26. What is the remainder when l is divided by 4?
3
Let w(q) = 5*q**3 - q**2 - 11*q + 9. Let r(a) = 11*a**3 - 3*a**2 - 23*a + 19. Let t(i) = 6*r(i) - 13*w(i). What is the remainder when 2 is divided by t(4)?
0
Let w(m) = m**2 - 3*m + 16. Calculate the remainder when 77 is divided by w(4).
17
Calculate the remainder when 3 is divided by 1 + 1 + -3 - -3.
1
Let k(y) = -15*y**2 + 2*y. Let r be k(2). Let l(d) = d**3 - 6*d**2 + 5*d + 7. Let q be l(7). Let h = r + q. What is the remainder when h is divided by 12?
11
Let a be 4 + 1/2*4. Let f = 6 - 4. What is the remainder when f is divided by a/4*(-8)/(-6)?
0
Suppose -5*j - 52 = -217. Calculate the remainder when 130 is divided by j.
31
Let f be 7/((3 + -1)/2). Suppose -h = -2*h - 4. Let s = f + h. Calculate the remainder when s is divided by 3.
0
Let t(m) = -m + 6. Let h(r) = -2*r**3 + 2*r + 4. Let f be h(-3). What is the remainder when 824/f - 4/(-26) is divided by t(0)?
4
Suppose -3*c - c + 4 = 0. What is the remainder when c + 1/2*122 is divided by 16?
14
Let y = -15 - -25. Let j =